2
What is the greatest common divisor of 2551049 and 254?
127
Calculate the greatest common divisor of 176 and 96592.
16
Calculate the greatest common divisor of 585 and 119210.
65
What is the highest common factor of 3252 and 6775?
271
Calculate the highest common divisor of 3820 and 4610.
10
What is the highest common factor of 3204 and 948?
12
Calculate the highest common factor of 22 and 102509.
11
What is the greatest common factor of 21216 and 484296?
408
Calculate the greatest common divisor of 5376 and 2800.
112
What is the greatest common factor of 5935884 and 12?
12
What is the highest common factor of 65 and 637?
13
What is the highest common factor of 36618 and 8975?
359
Calculate the highest common divisor of 112747 and 310.
31
What is the greatest common factor of 386331 and 528?
33
Calculate the greatest common divisor of 1424 and 560789.
89
What is the highest common factor of 1113864 and 84?
12
What is the highest common divisor of 4088 and 238?
14
Calculate the greatest common factor of 14606 and 6566.
134
What is the highest common factor of 382 and 49660?
382
Calculate the highest common factor of 602 and 1118.
86
What is the greatest common divisor of 3592133 and 41?
41
What is the highest common factor of 1817 and 4?
1
What is the highest common factor of 279710 and 664?
166
Calculate the highest common divisor of 29972 and 944.
236
Calculate the greatest common divisor of 1536 and 204.
12
What is the greatest common divisor of 26071 and 31?
31
Calculate the greatest common divisor of 30 and 236415.
15
Calculate the highest common divisor of 430936 and 78518.
1826
What is the greatest common divisor of 2562 and 1050?
42
What is the greatest common factor of 61556 and 132?
44
What is the greatest common divisor of 226008 and 51903?
657
What is the greatest common factor of 2450 and 25200?
350
Calculate the highest common factor of 108 and 3692.
4
What is the highest common divisor of 2377392 and 24?
24
Calculate the highest common factor of 21 and 3752427.
21
What is the greatest common factor of 4876 and 24288?
92
What is the highest common factor of 1967412 and 38?
38
Calculate the greatest common divisor of 1650 and 2166.
6
Calculate the highest common factor of 264 and 95376.
24
What is the highest common factor of 27504 and 899992?
1528
What is the greatest common factor of 1036 and 23236?
148
What is the greatest common divisor of 1509816 and 4730?
946
What is the highest common factor of 372 and 281076?
12
What is the highest common divisor of 14874 and 16482?
402
Calculate the highest common factor of 216666 and 2358.
18
Calculate the highest common divisor of 204 and 12393.
51
What is the greatest common factor of 21609 and 819?
63
What is the highest common factor of 58716 and 396?
36
Calculate the highest common divisor of 354448 and 240.
16
Calculate the greatest common factor of 18753 and 147.
21
What is the greatest common divisor of 20 and 66260?
20
What is the greatest common divisor of 2464 and 12704?
32
What is the greatest common factor of 13 and 17251?
13
Calculate the greatest common divisor of 1477 and 329.
7
What is the greatest common factor of 50 and 536275?
25
What is the highest common factor of 2451 and 26659527?
2451
Calculate the greatest common factor of 26892 and 540.
108
What is the highest common factor of 131098 and 9086?
1298
What is the greatest common divisor of 18966 and 22018?
218
What is the highest common factor of 10282 and 92926?
194
What is the greatest common divisor of 41 and 90323?
41
What is the highest common factor of 2036 and 608?
4
Calculate the highest common divisor of 360 and 7959240.
360
What is the greatest common factor of 253 and 153065?
253
What is the greatest common factor of 8235 and 2440?
305
What is the greatest common factor of 1576 and 8448?
8
What is the greatest common divisor of 193968 and 72?
72
Calculate the greatest common divisor of 655610 and 2120.
530
What is the greatest common divisor of 2850 and 8208?
114
What is the highest common divisor of 2132 and 79?
1
Calculate the greatest common factor of 252 and 1596.
84
Calculate the greatest common factor of 153056 and 64.
32
What is the highest common factor of 104 and 164512?
8
What is the greatest common divisor of 160 and 116135?
5
Calculate the greatest common divisor of 22231 and 154.
11
Calculate the highest common divisor of 398 and 122982.
398
Calculate the highest common divisor of 2952122 and 172.
86
What is the greatest common divisor of 127412 and 265?
53
What is the greatest common divisor of 9568 and 12608?
32
Calculate the highest common divisor of 112508 and 352.
44
What is the highest common factor of 1464 and 49044?
732
Calculate the greatest common divisor of 8784 and 76608.
144
Calculate the greatest common factor of 162 and 2286.
18
Calculate the greatest common factor of 288 and 1266.
6
What is the highest common factor of 10 and 3067?
1
Calculate the greatest common divisor of 3002 and 2686.
158
Calculate the highest common divisor of 24 and 206632.
8
Calculate the greatest common factor of 3936 and 10272.
96
Calculate the greatest common divisor of 15507 and 162.
9
What is the highest common divisor of 26960 and 5200?
80
Calculate the highest common factor of 3 and 11211.
3
What is the greatest common factor of 984 and 916?
4
Calculate the greatest common factor of 552 and 5727.
69
Calculate the greatest common factor of 401584 and 1140.
76
What is the greatest common factor of 61805 and 19?
1
What is the highest common divisor of 2044 and 255865?
73
What is the greatest common divisor of 999 and 50209?
37
What is the greatest common divisor of 2254862 and 5516?
394
What is the highest common divisor of 5830 and 11?
11
What is the highest common factor of 264 and 42086?
22
Calculate the highest common factor of 582 and 191769.
291
Calculate the greatest common factor of 1078910 and 70.
70
What is the highest common factor of 98 and 5143040?
98
Calculate the greatest common divisor of 130 and 49240.
10
What is the greatest common divisor of 99 and 97845?
33
Calculate the highest common factor of 8763 and 1219.
23
Calculate the highest common factor of 288 and 35232.
96
What is the greatest common divisor of 48 and 1933944?
24
Calculate the highest common divisor of 1992180 and 60.
60
Calculate the greatest common divisor of 30628 and 12772.
124
What is the highest common divisor of 231 and 56?
7
What is the greatest common factor of 829950 and 660?
330
Calculate the greatest common divisor of 660 and 2096490.
330
What is the highest common divisor of 25 and 122975?
25
What is the highest common factor of 66 and 1275428?
22
What is the greatest common factor of 22 and 22990?
22
What is the highest common factor of 105680 and 32?
16
Calculate the highest common factor of 1270 and 90.
10
Calculate the highest common factor of 416 and 594464.
416
What is the greatest common factor of 3098130 and 210?
210
Calculate the highest common factor of 2394 and 10165.
19
What is the greatest common divisor of 6344 and 1560?
104
Calculate the greatest common factor of 9707 and 425.
17
Calculate the greatest common divisor of 595021 and 167.
167
Calculate the greatest common divisor of 1790288 and 16.
16
Calculate the greatest common divisor of 2523 and 174.
87
What is the greatest common divisor of 21003 and 144?
3
What is the greatest common divisor of 4872 and 7320?
24
What is the greatest common factor of 88918 and 230?
46
What is the greatest common divisor of 8 and 219896?
8
Calculate the greatest common factor of 969 and 2070753.
969
What is the greatest common factor of 25853 and 9167?
103
What is the highest common factor of 450594 and 54?
18
What is the greatest common divisor of 69265 and 105?
35
What is the highest common divisor of 671361 and 177?
177
Calculate the greatest common divisor of 2287694 and 58.
58
What is the highest common factor of 9922556 and 56?
28
What is the highest common factor of 33840 and 100?
20
What is the highest common divisor of 15064 and 19208?
56
What is the greatest common divisor of 301 and 601699?
301
Calculate the greatest common divisor of 6100 and 13400.
100
Calculate the highest common divisor of 744 and 252588.
372
Calculate the highest 